5*g, g + 0*g = 3*j - 19. Suppose -3*i + 0 = 2*k - 31, 103 = j*k - i. Calculate the remainder when k is divided by 7.
6
Let k(z) be the first derivative of -z**4/4 - 4*z**3/3 + 2*z**2 - 2*z - 4. Let i be k(2). Let c = -9 - i. What is the remainder when 26 is divided by c?
8
Suppose 3*f + 50 = s, -4*s + 109 + 39 = f. Let x(r) = -r**2 - 8*r - 7. Calculate the remainder when s is divided by x(-5).
6
Let s(t) = 14*t**2 - 25*t - 278. Calculate the remainder when s(-8) is divided by 63.
62
Suppose x = -p + 11, -4*x - 5*p - 11 = -52. Calculate the remainder when 867 is divided by x.
13
Suppose -6*g + 529 = 17*g. Calculate the remainder when g is divided by 8.
7
Suppose -7*s - 87 + 787 = 0. Suppose -3*g - 43 = -2*f + 42, -2*f - 2*g = -s. Calculate the remainder when 90 is divided by f.
43
Suppose -l + v + 96 = 0, -5*l + 363 = -l + 3*v. Let r = -1052 + 1084. Calculate the remainder when l is divided by r.
29
Let b = 32 + -21. Suppose 5*h - u - 939 = 0, h + 0*u - 191 = -3*u. Suppose 0 = -4*x + x + n + h, -4*n = -16. Calculate the remainder when x is divided by b.
9
Let v(x) = 2*x**2 + 33*x - 176. Calculate the remainder when 660 is divided by v(5).
36
Suppose -11 = 2*p - 111. Calculate the remainder when p is divided by 20.
10
Let k be ((-8)/(-8))/(2/(-126)). Let d = k + 32. Let f = 54 + d. Calculate the remainder when f is divided by 12.
11
Suppose 0 = -b - 26*b + 2538. What is the remainder when b is divided by 7?
3
Let a = -406 + 490. Calculate the remainder when a is divided by 45.
39
Let d(z) = -z**2 + 49*z - 406. What is the remainder when 28 is divided by d(38)?
4
Suppose 4*b = 5*k + 339, 0 = -b - 14*k + 9*k + 91. Calculate the remainder when 308 is divided by b.
50
Let i(g) = -15*g - 2. Let t be i(-2). Suppose t = -2*u + 3*u. Calculate the remainder when u is divided by (-3)/(126/(-60))*7.
8
Let w = 19 + -20. Let p(f) = 2*f**2 - 8*f - 8. What is the remainder when p(8) is divided by (w - -34)/3 - -4?
11
Let j(n) = -7*n + 149. What is the remainder when j(-45) is divided by 81?
59
Let w = -3 + 4. Suppose -2*p = -4*j + w + 13, -2*j - 2*p + 10 = 0. Suppose d = j*i - 106, 6*d - d = -i + 37. What is the remainder when i is divided by 7?
6
Let s(o) = 2*o**2 - 2*o + 1. Let f(k) = -3*k - 1. Let q be f(-1). Calculate the remainder when 13 is divided by s(q).
3
Let z = 1006 + -963. Calculate the remainder when 165 is divided by z.
36
Suppose -4*h - 2 = -22. Suppose 0 = 18*o - 17 - 181. Calculate the remainder when o is divided by h.
1
Suppose 0 = -5*f + 3*z + 5, -3*f + f + 13 = z. What is the remainder when f is divided by 2*12/(-8) + 5?
0
Let h(b) be the second derivative of b**3/6 + 23*b**2/2 + 10*b. Calculate the remainder when 20 is divided by h(-15).
4
Let x be ((91/14)/13)/(2/(-20)). Let d(b) = -b + 12. Suppose 2*s = g + 6*s - 32, 5*g + 4*s - 160 = 0. Calculate the remainder when g is divided by d(x).
15
Let t = -2034 - -2069. What is the remainder when t is divided by 33?
2
Let d(l) = l**2 - 11*l + 7. Let g be d(7). Let o = 36 + g. Let j(p) = p**2 + 21*p + 102. What is the remainder when o is divided by j(-14)?
3
Suppose -10*z = -p - 5*z + 237, -3*p + 4*z + 678 = 0. Suppose 11*v = 849 - p. What is the remainder when v is divided by 15?
12
Let q be (-22)/(-5)*(9 - 4). Let j = -2 + q. What is the remainder when j is divided by 11?
9
Let q(a) = 2*a**2 + 4*a + 4. Let y(z) = -z**2 - 11*z - 14. Calculate the remainder when y(-7) is divided by q(-2).
2
What is the remainder when 334 is divided by 1*(1 - (5 + -3)) + 54?
16
Suppose 2*k + 5*b = 135 + 396, 4*b + 540 = 2*k. What is the remainder when k is divided by 17?
13
Suppose 5*o + 0*q + 3*q = 81, 2*q - 48 = -3*o. Suppose 2*m + 12 = 2*j, 3*m + 0*m = j - o. Calculate the remainder when 26 is divided by 9 + (m + 3 - -3).
8
Let l(j) = -j**2 - 11*j - 7. Let t be l(-11). Let u(r) = r + 5. Let z be u(t). What is the remainder when 131/4 - z/8 is divided by 9?
6
Let l = 76 + -43. Suppose -h + 4*h - l = 0. What is the remainder when 20 is divided by h?
9
Let m = 5 - 3. Let l = -542 - -547. Calculate the remainder when l is divided by m.
1
Let r(p) = 6*p + 6. Let u be r(-4). Let m = -7 - u. Suppose m*g - 6*g = 45. What is the remainder when 17 is divided by g?
8
Calculate the remainder when (-20460)/(-70)*(-28)/(-8) is divided by 16.
15
Suppose -2*o - 54 = 4*m, -3*o - 22 + 1 = m. Let c(i) = -i - 5. Calculate the remainder when c(m) is divided by (1 + 4)*(1 + 0).
2
Let z(u) = 3*u - 5. What is the remainder when 32 is divided by z(11)?
4
Suppose 391*j = 386*j + 245. Calculate the remainder when 123 is divided by j.
25
Suppose -2*h = -0*h - 8. Suppose -h*i = -p - 149, -147 = -4*i - 5*p + 4*p. Calculate the remainder when 145 is divided by i.
34
Let c(i) = -12*i + 5 + 19*i - 13*i. Let a be c(-8). Let g = 142 - a. Calculate the remainder when g is divided by 23.
20
What is the remainder when 20/1 - (-41 - -38) is divided by 6?
5
Let x = 0 + 85. Suppose 3*w = 2 - 20. What is the remainder when x is divided by (-9)/w*(-58)/(-3)?
27
Let l = 2431 + -2388. Calculate the remainder when 80 is divided by l.
37
Suppose -14*u + 2519 = 1749. Calculate the remainder when 239 is divided by u.
19
Let y(l) = -2*l - 6. Let n = -16 - -77. Let m = 68 - n. Calculate the remainder when m is divided by y(-5).
3
Let w = 1 - -61. Calculate the remainder when w is divided by 16.
14
Let l be 4*-1 + 10 + -26. Let c be 5*(-2 + (-52)/l). Let y = c + 15. What is the remainder when 33 is divided by y?
15
Suppose -89 = 5*h + 76. Let z = -25 - h. What is the remainder when z is divided by 4?
0
Let b(s) = 36*s**2 - 7*s - 2. Let t(v) = -36*v**2 + 8*v + 2. Let y(j) = 6*b(j) + 5*t(j). Calculate the remainder when y(2) is divided by 36.
30
Let o = 47 - 43. Let x(d) = -d - 1. Calculate the remainder when (15/12)/(o/48) is divided by x(-4).
0
Let q(g) = -49*g - 467. Suppose -4*k + 12 = 0, -i = 2*i - 2*k - 264. What is the remainder when i is divided by q(-10)?
21
Suppose 4247 = 35*t - 1563. Calculate the remainder when t is divided by 38.
14
Let w(z) = -3*z**3 - 4*z**2 - 2*z - 9. Suppose 0*o - 12 = 4*o. Calculate the remainder when 166 is divided by w(o).
40
Suppose 0 = 107*b - 112*b + 615. What is the remainder when b is divided by 44?
35
Let i(v) = 9*v**2 - 1 - 2 - 1. Let s be i(2). Suppose -4*o + 20 = 0, -4*n - 3*o = -127 - s. Calculate the remainder when n is divided by 13.
10
Suppose -38*q + 29*q + 639 = 0. What is the remainder when q is divided by 12?
11
What is the remainder when 157 is divided by 135*((-21)/15 + (-10)/(-5))?
76
Let j(b) = -b**3 + 9*b**2 - 2*b - 7. Suppose 5 = 4*c - 19. Calculate the remainder when j(c) is divided by 30.
29
Let u(w) = 40*w + 1. Let x be u(2). Suppose -3*t = 3*n - x, -5*t + t + 46 = 2*n. Let p = 60 - n. What is the remainder when p is divided by 16?
13
Suppose -31*g + 658 = 16*g. Suppose -4*x + 27 = -x. What is the remainder when g is divided by x?
5
Let q = -35 - -35. Suppose 3*c - 14 = -2*r, r = -q*c + 4*c + 7. Calculate the remainder when 0 - (-29 - (-6)/3) is divided by r.
6
Let p(y) = 3 + 2 - 1 - y + 0*y. Let r be p(-4). Suppose 7*f = r*f - 7. Calculate the remainder when f is divided by 3.
1
Suppose 2*n + 8 = 212. Suppose -2*j + n = -2*h, 6*h - 2*h = -20. What is the remainder when j is divided by 16?
14
Let c = -942 - -989. Calculate the remainder when c is divided by 18.
11
Suppose 2*m - 5*s - 19 = 0, -2*m - 3*m + 70 = -5*s. Calculate the remainder when 4/7 - 3195/(-105) is divided by m.
14
Let m be 15*(-7)/(21/2). Let l = -8 - m. Suppose l*a + 2 = k + 16, 5*a = -5*k + 35. What is the remainder when 11 is divided by a?
4
Suppose 377*o + 4755 = 392*o. What is the remainder when o is divided by 70?
37
Let s = 8 - 3. Let n(t) = -6*t + 10*t + 3*t - 24 - 7. Calculate the remainder when s is divided by n(5).
1
Suppose 4*i - 9*i + 80 = 0. Let m be (-8)/i*(-8)/2. Calculate the remainder when (-3 - 26*-1) + m is divided by 15.
10
Let n be 4 + 20/12*3. Suppose -13 = -z - 0*q - 2*q, 0 = -3*q + 6. What is the remainder when z is divided by 48/n + (-12)/9?
1
Let y(l) = 7*l**2 + 5*l - 4. Let i be y(3). Let c = i - 11. Calculate the remainder when c is divided by 33.
30
Let p = 753 + -750. Suppose -2*m = 2*v + 49 - 157, 2*v - 57 = -m. Suppose 3*i = 3*f + m, 0*i = -i - 5*f + 5. What is the remainder when i is divided by 